{"id":5209,"date":"2016-02-11T22:53:27","date_gmt":"2016-02-11T21:53:27","guid":{"rendered":"http:\/\/hr-fotodesign.de\/motorradshow_2016_samstag\/"},"modified":"2016-02-11T22:57:33","modified_gmt":"2016-02-11T21:57:33","slug":"motorradshow_2016_samstag","status":"publish","type":"page","link":"http:\/\/hr-fotodesign.de\/?page_id=5209","title":{"rendered":"Motorrad Show 2016 \/\/ Der Samstag"},"content":{"rendered":"<p>[nggallery id=&#8220;21&#8243;]<\/p>\n","protected":false},"excerpt":{"rendered":"[nggallery id=&#8220;21&#8243;]\n<a class=\"moretag\" href=\"http:\/\/hr-fotodesign.de\/?page_id=5209\"> [...]<\/a>","protected":false},"author":1,"featured_media":0,"parent":3160,"menu_order":0,"comment_status":"closed","ping_status":"closed","template":"layouts\/fullwidth.php","meta":{"jetpack_post_was_ever_published":false},"jetpack_sharing_enabled":true,"jetpack_shortlink":"https:\/\/wp.me\/P74Yia-1m1","jetpack-related-posts":[{"id":5889,"url":"http:\/\/hr-fotodesign.de\/?page_id=5889","url_meta":{"origin":5209,"position":0},"title":"#254 Ged\u00e4chtnislauf 2016","date":"06\/04\/2016","format":false,"excerpt":"[nggallery id=\"23\"]","rel":"","context":"\u00c4hnlicher Beitrag","img":{"alt_text":"","src":"","width":0,"height":0},"classes":[]},{"id":20,"url":"http:\/\/hr-fotodesign.de\/?page_id=20","url_meta":{"origin":5209,"position":1},"title":"Impressum","date":"22\/12\/2015","format":false,"excerpt":"Anbieterkennzeichnung nach \u00a7 5 Telemediengesetz \u00a0 Name und Anschrift Hendrik R\u00fcther 26203 Wardenburg Kontakt E-Mail: info@hr-fotodesign.de Haftungsausschluss \u00a0 1. Inhalt des Onlineangebotes Der Autor \u00fcbernimmt keinerlei Gew\u00e4hr f\u00fcr die Aktualit\u00e4t, Korrektheit, Vollst\u00e4ndigkeit oder Qualit\u00e4t der bereitgestellten Informationen. Haftungsanspr\u00fcche gegen den Autor, welche sich auf Sch\u00e4den materieller oder ideeller Art beziehen,\u2026","rel":"","context":"\u00c4hnlicher Beitrag","img":{"alt_text":"","src":"","width":0,"height":0},"classes":[]},{"id":3966,"url":"http:\/\/hr-fotodesign.de\/?page_id=3966","url_meta":{"origin":5209,"position":2},"title":"Langeln an der B495","date":"26\/12\/2015","format":false,"excerpt":"","rel":"","context":"\u00c4hnlicher Beitrag","img":{"alt_text":"","src":"","width":0,"height":0},"classes":[]},{"id":3960,"url":"http:\/\/hr-fotodesign.de\/?page_id=3960","url_meta":{"origin":5209,"position":3},"title":"#254 Ged\u00e4chtnislauf 2015","date":"26\/12\/2015","format":false,"excerpt":"[nggallery id=\"14\"]","rel":"","context":"\u00c4hnlicher Beitrag","img":{"alt_text":"","src":"","width":0,"height":0},"classes":[]},{"id":5093,"url":"http:\/\/hr-fotodesign.de\/?page_id=5093","url_meta":{"origin":5209,"position":4},"title":"Free Ride 31.12.2015","date":"02\/01\/2016","format":false,"excerpt":"[nggallery id=\"20\"]","rel":"","context":"\u00c4hnlicher Beitrag","img":{"alt_text":"","src":"","width":0,"height":0},"classes":[]},{"id":22,"url":"http:\/\/hr-fotodesign.de\/?page_id=22","url_meta":{"origin":5209,"position":5},"title":"Contact","date":"22\/12\/2015","format":false,"excerpt":"","rel":"","context":"\u00c4hnlicher Beitrag","img":{"alt_text":"","src":"","width":0,"height":0},"classes":[]}],"_links":{"self":[{"href":"http:\/\/hr-fotodesign.de\/index.php?rest_route=\/wp\/v2\/pages\/5209"}],"collection":[{"href":"http:\/\/hr-fotodesign.de\/index.php?rest_route=\/wp\/v2\/pages"}],"about":[{"href":"http:\/\/hr-fotodesign.de\/index.php?rest_route=\/wp\/v2\/types\/page"}],"author":[{"embeddable":true,"href":"http:\/\/hr-fotodesign.de\/index.php?rest_route=\/wp\/v2\/users\/1"}],"replies":[{"embeddable":true,"href":"http:\/\/hr-fotodesign.de\/index.php?rest_route=%2Fwp%2Fv2%2Fcomments&post=5209"}],"version-history":[{"count":1,"href":"http:\/\/hr-fotodesign.de\/index.php?rest_route=\/wp\/v2\/pages\/5209\/revisions"}],"predecessor-version":[{"id":5211,"href":"http:\/\/hr-fotodesign.de\/index.php?rest_route=\/wp\/v2\/pages\/5209\/revisions\/5211"}],"up":[{"embeddable":true,"href":"http:\/\/hr-fotodesign.de\/index.php?rest_route=\/wp\/v2\/pages\/3160"}],"wp:attachment":[{"href":"http:\/\/hr-fotodesign.de\/index.php?rest_route=%2Fwp%2Fv2%2Fmedia&parent=5209"}],"curies":[{"name":"wp","href":"https:\/\/api.w.org\/{rel}","templated":true}]}}

#254 Gedächtnislauf 2016

Ähnlicher Beitrag

Anbieterkennzeichnung nach § 5 Telemediengesetz   Name und Anschrift Hendrik Rüther 26203 Wardenburg Kontakt E-Mail: info@hr-fotodesign.de Haftungsausschluss   1. Inhalt des Onlineangebotes Der Autor übernimmt keinerlei Gewähr für die Aktualität, Korrektheit, Vollständigkeit oder Qualität der bereitgestellten Informationen. Haftungsansprüche gegen den Autor, welche sich auf Schäden materieller oder ideeller Art beziehen,…

#254 Gedächtnislauf 2015
